v**2 + 48*v**2 + 15*v + 45*v**2. Give s(-13).
-10
Let j(v) = 10*v + 22. Let o(y) = y + 2. Let n = 22 - 44. Let c(d) = n*o(d) + 2*j(d). Give c(4).
-8
Suppose -5*u = 4*v - 2, -u + 3*v - 4 = 6*v. Let c(h) = 3 - 1 + 9*h**2 + h**3 - h - 8*h**2. Calculate c(u).
12
Let a(t) = 1 - 5*t + 0*t + 3*t + t**3 + 3*t - 10*t**2. Calculate a(10).
11
Suppose -20 = -0*f + 5*f. Let a(j) be the third derivative of -j**4/12 + 8*j**2. What is a(f)?
8
Let r(x) = 5 + 0*x - 4*x + 2*x + x. Let m(k) = -2*k + 10. Let a(u) = -3*m(u) + 5*r(u). Let f(t) = t**2 - 2*t - 5. Let n be f(4). Calculate a(n).
-2
Suppose -12*q = -8*q - 36. Let t(c) be the second derivative of c**5/20 - 5*c**4/6 + 11*c**3/6 - 11*c**2/2 + 6*c. Give t(q).
7
Let g(y) = 3*y - 11 - 9 - 11 + y + 27. Give g(-6).
-28
Let m(q) = 2*q**3 + q**2 + q. Let x(z) = -7*z**3 - 5*z**2 - 4*z + 1. Let y(u) = 4*m(u) + x(u). Determine y(2).
5
Let p(x) = -3*x**3 - x**2 - 6*x + 3. Let t(m) = 8*m**3 + 4*m**2 + 18*m - 8. Let v(n) = 11*p(n) + 4*t(n). Suppose -12 = -18*y + 96. What is v(y)?
1
Let z(s) = s**2 - 21*s - 14. Let y(b) = b**2 - 25*b - 14. Let k(f) = -4*y(f) + 5*z(f). What is k(7)?
0
Let l(c) = c**3 + 3*c**2 + 2*c. Let g = -44 - -45. Let i be -9*1*g/3. Give l(i).
-6
Let s(m) = m**2 - 6*m + 6. Suppose 43 = x + 38. Determine s(x).
1
Let x(n) = n**2 - 3*n - 1. Let s = 156 + -84. Let a = -68 + s. Determine x(a).
3
Suppose 0 = 3*c + 2*b + 26, 3*c + 5*b + 13 = -25. Let f = -3 - c. Let u(a) = -3 - 3*a - 2*a + 6*a. Determine u(f).
0
Let k(m) = m + 5. Let a = -943 + 939. What is k(a)?
1
Suppose 0 = -3*d + 9 + 6. Let u(b) = -5 - 4*b**3 + 0*b**3 + 5*b**3 - 2*b + d*b**2. Suppose -2*w + 3*v = 3*w + 25, -10 = 2*w + 2*v. Calculate u(w).
5
Suppose 66 = -0*i + 11*i. Let l(n) = -n**2 + 6*n - 9. What is l(i)?
-9
Let t(l) be the third derivative of l**8/6720 - l**6/360 + l**5/60 - 5*l**4/24 + 16*l**2. Let m(n) be the second derivative of t(n). Give m(2).
6
Let g(t) = -35*t - 291. Let l be g(-8). Let i(f) = f - 14. What is i(l)?
-25
Let m(q) = 2*q + 8. Let f be m(-3). Let b(j) = -f + 5*j - 1 - j**2 - 2. What is b(4)?
-1
Let u(h) = -5*h - 2. Let z be u(-3). Suppose 3*r = z + 5. Let c(n) = -n + 3. Give c(r).
-3
Let g(t) be the third derivative of -t**4/24 - t**3/3 + t**2 - 14*t. Determine g(-9).
7
Let j(q) = -27*q - 1 + 3 + 28*q. Let d(w) = -w - 9. Let z be d(-8). Let p be j(z). Let r(y) = 2*y + 1. Determine r(p).
3
Let c = -82 - -80. Let j(i) be the third derivative of i**5/30 - i**3/6 - 15*i**2. Give j(c).
7
Let h(p) = -19*p**2 - p - 24. Let a(x) = 41*x**2 + 3*x + 51. Let t(f) = 6*a(f) + 13*h(f). What is t(6)?
-12
Let y(m) = m**2 - 2. Let a be y(3). Let v(o) = o + a*o - 13*o. What is v(1)?
-5
Let a = -5 - -3. Let b(y) be the third derivative of -y**6/120 - y**5/60 - y**4/24 + y**3/3 + 3*y**2. What is b(a)?
8
Let w be 7 - 3/(4 + -3). Let f(r) = r + w - r + 4*r + r**2 + r. What is f(-4)?
0
Suppose 71 = 33*q + 71. Let c(v) = 4*v - 11. What is c(q)?
-11
Let m(t) be the first derivative of t - 2/3*t**3 + 1/2*t**2 + 6. Determine m(2).
-5
Let x(k) be the third derivative of 7*k**4/12 + k**3/6 - k**2 + 24*k. What is x(-2)?
-27
Let m(q) = 5*q - 48. Let o be m(9). Let d(v) = -v**2 - 3*v + 2. Let t(l) = l**2 + 3*l - 1. Let y(b) = 3*d(b) + 2*t(b). Determine y(o).
4
Let h(b) = 4*b**3 + 2*b + 2. Let a be 1 + (-3)/((66/(-4))/(-11)). What is h(a)?
-4
Suppose 0 = -10*f - 650 - 120. Let q = 83 + f. Let y(b) = -b**2 + 9*b - 3. Determine y(q).
15
Let j(a) be the third derivative of 0*a**3 + 0*a**4 + 0 - 1/60*a**5 + 2*a**2 + 0*a. Suppose -5 = -4*p - 1. Determine j(p).
-1
Let x(p) = p**2 - 9*p + 2. Suppose 2*j - 4 - 14 = 0. Let k be x(j). Let o(w) = -w**3 + w**2 + 5*w**k + 6*w + 8 + 0*w**3. Give o(7).
1
Let i(h) be the first derivative of -2*h**2 - 2*h + 58. Let c be i(-1). Let u(r) = r + r**2 - r. Determine u(c).
4
Suppose 18 = -l + 10*l. Let u(v) be the first derivative of -3*v**2 + 4. Calculate u(l).
-12
Let j(s) = -s**3 + 3*s**2 + 3*s - 2. Let n(f) = -10*f + 30. Let v be n(3). Suppose -5*t + 61 = 3*d, -t + 2*t = 3*d - 31. Suppose v*w = -4*w + d. What is j(w)?
7
Let z(q) = -q**3 + 18*q**2 + 19*q + 5. Let a = -88 + 107. Calculate z(a).
5
Let x(m) = m**2 - 2*m - 2. Let y(q) = -9*q - 3. Let w be y(-4). Let d = w - 30. Determine x(d).
1
Suppose -37 = -2*w + 3*o, -3*o = 3*w + w - 29. Suppose 16 = z + w. Let j(t) = -t**2 + 3*t + 3. Determine j(z).
-7
Let g(y) = y**2 - 6*y - 3. Suppose 33 = 4*c - 3*i, -i = 3*c - 23 + 8. Determine g(c).
-3
Let h(t) be the first derivative of 1/120*t**5 - 4/3*t**3 + 0*t**2 + 1/8*t**4 + 0*t - 6. Let g(l) be the third derivative of h(l). What is g(-6)?
-3
Let v(r) be the third derivative of r**4/24 - 25*r**2 + 2. Determine v(12).
12
Suppose k + 9 = 3. Let q be -4 - k - (-1)/1. Let a(g) = 5*g - 1. Calculate a(q).
14
Let o(w) = -w + 4. Let u(f) = 5*f - 100. Let r be u(20). Determine o(r).
4
Suppose -v = -5*z - 23, -4*z + 2*v - 10 = 4*v. Let s(p) be the second derivative of 0 - 13*p - 2/3*p**3 - p**2 - 1/12*p**4. What is s(z)?
-2
Let j(f) = f**2 - 5*f + 3. Let q be 57/(-38)*(0 + -2)*1. Give j(q).
-3
Suppose 0 = -26*f + 25*f. Let x(z) = 3*z**2 + 10*z + 1. Let s(m) = -m**2 - 3*m. Let p(i) = -7*s(i) - 2*x(i). Calculate p(f).
-2
Let m(o) = o - 1. Let k(h) = 5*h + 30. Let t be k(-4). Suppose 3*v = t*v + 7. Calculate m(v).
-2
Let b = -583 - -601. Let v(w) = -w**3 + 17*w**2 + 19*w - 15. Calculate v(b).
3
Let c(h) = -3*h**3 - h**2 - 2*h + 5. Let a(v) = 2*v**3 + v - 4. Suppose n = 4*m - 0*n + 21, 25 = 5*n. Let b(w) = m*a(w) - 3*c(w). Determine b(-3).
-5
Let j(d) = d**2 - 19*d - 56. Let t be j(21). Let f be 124/(-10) - (-4)/10. Let g = t - f. Let l(o) = 5*o. Calculate l(g).
-10
Let v(m) = -m**3 - m**2 - m + 1. Let r(n) = n**2 + 11*n + 24. Let y be r(-8). Let b be (2/(-2))/((-3)/6). Suppose y = 2*c + b*c. Give v(c).
1
Let p(x) = -8*x + 6. Let f be 5 + -8 - -1*1*-4. Let a(k) = -25*k + 19. Let y(q) = f*p(q) + 2*a(q). Calculate y(3).
14
Let i(l) = -l**2 - 4*l + 5. Suppose 0 = -2*y + 6 + 6. Let u be -13 + y - 1*-1. Determine i(u).
-7
Let y(v) = -9*v + 74. Let g be y(8). Let p(u) = u**3 - u**2 + 2*u - 1. Give p(g).
7
Let q = 30 - 5. Suppose 0 = 2*y - 7*y + q. Let i(c) = 2*c - 8. Let l(a) = -a + 4. Let n(f) = y*l(f) + 2*i(f). Give n(2).
2
Suppose 6 = -3*t, t = 3*p + 10 + 9. Let g(m) = 9*m**2 - 5 - 8*m**2 - 2*m**2 + 6 - 6*m + 4. Give g(p).
-2
Let a(x) = -3*x - 2. Let s = -49 + 35. Let n = -16 - s. Determine a(n).
4
Suppose 4*y = -2*n + 2*y + 2, 2*n - 3 = -y. Let f(z) = -3 + 7*z + z + n*z - 2*z. Let j(r) = -9*r + 3. Let c(h) = 5*f(h) + 4*j(h). Calculate c(2).
5
Let o = -34 + 39. Let h(d) = -28*d + 6 - 32*d + 61*d - o. What is h(-4)?
-3
Let z(u) = -5*u**2 + 24*u + 14. Let g(a) = -4*a**2 + 21*a + 13. Let y(f) = 6*g(f) - 5*z(f). What is y(-7)?
15
Let k(i) be the third derivative of -i**4/6 - 7*i**3/6 - 6*i**2. Let g(j) = -2*j - 4. Let v(q) = 5*g(q) - 3*k(q). Calculate v(3).
7
Let r(m) = 34*m + 28. Let o(k) = -51*k - 39. Let g(j) = -5*o(j) - 7*r(j). What is g(-2)?
-35
Let u(b) = -2*b - 56. Let g(j) = j + 19. Let y(t) = 8*g(t) + 3*u(t). Calculate y(8).
0
Let u(r) = -2*r**2 + 43*r - 39. Let l(f) = f**2 - 21*f + 19. Let w(c) = 13*l(c) + 6*u(c). What is w(9)?
-41
Let q(w) = w**3 + w - 10. Suppose 7 - 17 = -2*t. Suppose 2*x = -t*x. Calculate q(x).
-10
Let z = 252 - 250. Let l(c) = c**2 - c. Give l(z).
2
Let k(r) = -r**2. Let y(w) = 6*w**2 + 8*w + 6. Let b(s) = 5*k(s) + y(s). What is b(-7)?
-1
Let i(p) = -p**2 + 4*p - 1. Suppose -4*u = -2*q - 8, 0 = -u - 4*u + 10. Suppose 6 = j + 4. Let x be (-10)/(q - j)*1. Give i(x).
-6
Let h(y) = 10*y**2 - 4*y - 2. Let t(z) = -z**2 - 4*z**2 - 14*z - 14*z + 1 + 30*z. Let n(c) = 4*h(c) + 9*t(c). Give n(2).
-15
Let j = 700 + -697. Let x(p) = 3*p**2 - 5*p - 2. Let a(g) = -4*g**2 + 6*g + 1. Let v(l) = 2*a(l) + 3*x(l). Give v(j).
-4
Let y(p) = -p + 7. Let o be y(6). Let b(g) = 16 - 4 + 3*g - 10 - 6. Let i(u) = u**2 + 4*u - 5. Let r(z) = -4*b(z) + 3*i(z). Give r(o).
4
Let h(b) = -6*b**2 - 5 + 5 + 2*b**2 - b + 7*b**2. Give h(-4).
52
Let z(a) = -a + 8*a - 2 - 5*a - 3*a. Let i be 0/(-1*(-2 + 3)). Determine z(i).
-2
Let h(z) be the second derivative of 2*z**3/3 + 3*z**2 + 88*z. Calculate h(-7).
-22
Let r be 6*(-4)/20*(0 + -5). Let v(a) = -a**2 + 6*a + 5. Let p be v(r). Let o(s) = s**2 - 6*s + 6. Determine o(p).
1
Let x = 27 + -32. Suppose